 -13*h + 5. Suppose h = -d + 16. Calculate the remainder when d is divided by 7.
4
Let w = 15 + 43. What is the remainder when w is divided by 18/16*-2*416/(-78)?
10
Let v(x) = -5*x**3. Let k be v(-1). Suppose k*h = -45 + 255. Calculate the remainder when h is divided by 11.
9
Suppose 3*a - d + 22 + 89 = 0, -a - 4*d = 37. Let f = a - -50. What is the remainder when 37 is divided by f?
11
Suppose 57 = -11*j + 222. Let l = 0 + 4. What is the remainder when (114/l)/(1/2) is divided by j?
12
Let a(t) = -2*t**2 - 83*t - 106. Let h(o) = -o**2 - 4*o. Let w be h(-3). Suppose -k - 16 = -w*k. What is the remainder when a(-40) is divided by k?
6
Suppose -14*b + 10*b = -72. Suppose 2*o + 0 = b. Suppose -o = 3*t, -2*f + 6*f - 3*t = 61. Calculate the remainder when 24 is divided by f.
11
Let v = -481 + 514. Calculate the remainder when 156 is divided by v.
24
What is the remainder when ((-351)/(-15) - 5)*(5 + 0) is divided by 84?
8
Let k(b) = b + 8. Let h be k(-4). Let y be (58/h)/(8/16). Suppose -2*f + 0*f - y = -5*p, 0 = 3*f - 9. What is the remainder when p is divided by 5?
2
Suppose -2*d - 46 + 18 = 2*t, -4*t - 3*d - 57 = 0. What is the remainder when ((-174)/t)/(2/10) is divided by 4/3*15/1?
18
Suppose 38 = 9*c - 232. What is the remainder when 52 is divided by c?
22
Let b(m) = -m**3 - 8*m**2 + 9*m + 11. Let v be b(-9). Suppose v*d = 16*d - 110. Calculate the remainder when 11/d + 91/2 is divided by 12.
10
Let k = 181 - 107. Let h = 2 + 17. Calculate the remainder when k is divided by h.
17
Let t(r) = -r**3 - 8*r**2 - r - 4. Let i be ((-56)/21)/((-1)/(-3)). Let u be t(i). Suppose 0 = u*p - 34 - 18. What is the remainder when 38 is divided by p?
12
Let g(y) = -54*y - 799. Calculate the remainder when 569 is divided by g(-15).
8
Let c(h) = -h**3 - 20*h**2 - 22*h - 43. Let t be c(-19). Suppose t = -4*n + 66. What is the remainder when 23 is divided by n?
10
Let s(w) = 4 + 5 - 8*w + 7*w - 4. Let a be s(0). Suppose 3*d + a*t - 30 = 0, -5*t - 83 = -3*d - 23. Calculate the remainder when 58 is divided by d.
13
Let u(p) = -p**2 - 12*p - 9. Let a be 10/(-1)*(-30)/(-75). What is the remainder when u(a) is divided by 10?
3
Suppose 4*f = 4*w + 3*f - 272, -w - 5*f = -68. Suppose 2*p - 2 = w. Suppose 5*x = 51 + 9. Calculate the remainder when p is divided by x.
11
Let x be 606 - (-3 + 1) - -2. Let z = 374 + x. What is the remainder when 97 is divided by (-2)/(-5) + z/40?
22
Let a(d) = -d**3 - 9*d**2 - 8*d + 10. Let v be a(-8). Let o(f) = -5*f**2 - 2*f**2 + 8*f**2 + v + 10*f. What is the remainder when o(-9) is divided by 1?
0
Let j = -170 - -220. What is the remainder when 2249 is divided by j?
49
Suppose -2*r = n - 45, -3*r + 4*n - 49 + 133 = 0. Suppose r*y + 138 = 27*y. Calculate the remainder when y is divided by 12.
10
Let k(b) = -2*b**2 - 5*b + 3. Let p be k(-3). What is the remainder when 18 is divided by 3/1 - (p + (-7)/1)?
8
Let p(n) = -5*n - 5. Let d be p(-2). Suppose 12 = d*v + 77. Let z = -6 - v. Calculate the remainder when 18 is divided by z.
4
Let s(q) = -q**2 + 10*q - 9. Let k be s(6). Suppose 0 = 4*w - n - 153, 0*w = -4*w - 4*n + 148. What is the remainder when 54 is divided by k/10*w/3?
16
Let h(j) = j**2 - 9*j + 4. Suppose 4*q + 0*q - 36 = 0. Let c(x) = -x**2 + 7*x + 4. Calculate the remainder when c(6) is divided by h(q).
2
Let w = -126 + 149. What is the remainder when w is divided by 5?
3
Suppose -4*h + 4*g + 0 = -4, 4*g = -h + 6. Suppose h*c = -c + 9. Suppose 28*w - 109*w = -486. What is the remainder when w is divided by c?
0
Let j = -1 + 0. Let t be (2 + j)*180/6. Suppose -5*c = 2*y - 51, t = y + 4*c - 3. Calculate the remainder when 23 is divided by y.
10
Let j(x) = -x**2 - 31*x - 108. Calculate the remainder when j(-26) is divided by 17.
5
Let n(x) = -x**2 - 3*x + 4. What is the remainder when n(-3) is divided by 9/(57 - 3)*6?
0
Let m = -1789 - -1794. Calculate the remainder when 120 is divided by m.
0
Let j(s) = -3*s + 1 - 8 - 7 - 6. Suppose 0 = 4*m - 6*m - 20. What is the remainder when 27 is divided by j(m)?
7
Let j(s) = 3*s. Let u be j(1). Let b = 5 - u. What is the remainder when 24/21*(2 + -30)*27/(-216) is divided by b?
0
Let w = 101 + -69. What is the remainder when 122 is divided by w?
26
Suppose 0 = 5*u - d + 177, -4*d + 0*d = 12. Let p = u - -51. What is the remainder when (-4)/(-20) - (-297)/p is divided by 11?
9
Suppose 5*q = 8*q - 111. Let o be (-5)/((-10)/(-6)) + 0. Let f = 13 + o. Calculate the remainder when q is divided by f.
7
Let a(b) = -12*b**3 + 7*b**2 + 6*b + 7. Calculate the remainder when a(-2) is divided by 54.
11
Suppose 22*u = 16*u + 642. Calculate the remainder when u is divided by 25.
7
Let q = -6 - -1. What is the remainder when 103 is divided by (-178)/q + (-24)/40?
33
Suppose 5*h = g + 2*h - 83, -5*g - 4*h = -510. Suppose 5*s + 6*v - 460 = v, s - 2*v - g = 0. Calculate the remainder when s is divided by 16.
14
Let t be 3 - -2 - (1 - 1). Calculate the remainder when ((-92)/10)/((-2)/t) is divided by 8.
7
Suppose 4*o - 8 = 8, 0 = -3*r + 4*o + 38. Let k be -23*((-18)/(-10) + 17/85). What is the remainder when (69/k)/(2*(-1)/44) is divided by r?
15
Let r(c) = 47*c**2 + 2*c - 2. Let s be r(1). Suppose 2*h = 2*x - s + 173, -4*h = -5*x - 253. What is the remainder when h is divided by 13?
10
Let m = 360 + -237. What is the remainder when m is divided by 63?
60
Suppose 16*v - 6*v - 2160 = 0. Calculate the remainder when v is divided by 22.
18
Let l be -61*((-27)/4 - 4/16). Suppose -9*k + 2*k = -l. What is the remainder when k is divided by 16?
13
Suppose 4*p - 1791 = -207. Suppose -6*r = 3*r - p. Calculate the remainder when r is divided by 9.
8
Suppose -2*z - 6 = 0, 4*z + 3552 = 4*i - 92. Calculate the remainder when i is divided by 13.
11
Let i(m) = -m**3 + 10*m**2 - 12. Let h be i(10). Let j be 4*(-3)/h*3. Suppose 0 = -4*o + 47 - j. What is the remainder when 41 is divided by o?
8
Let o be (-42)/(-112) - (-117)/8. Suppose o*b - 225 = 10*b. Calculate the remainder when b is divided by 12.
9
Let i(r) = -r + 24. Let m(u) = u + 65. Let v be m(0). Suppose 58 + v = 3*x. Calculate the remainder when x is divided by i(10).
13
Let h(f) = f**2 - 11*f + 19. Let g be h(9). Suppose g = d - 11. Calculate the remainder when d is divided by 5.
2
Suppose 23 = 3*f - 28. Suppose 0 = -3*w + 34 + f. What is the remainder when 48 is divided by w?
14
Let z = 828 - 780. Calculate the remainder when z is divided by 38.
10
Suppose 0 = -28*p + 25*p + 177. What is the remainder when 108 is divided by p?
49
Let v(u) = 10*u**2 + 2*u + 2. Let l(a) = a - 3. Let g be l(2). Suppose 13 = 2*j - 21. What is the remainder when j is divided by v(g)?
7
Suppose 42 = c + c. Let v(a) = -a + 7. Let w be v(3). Suppose -w*z + 147 = -101. Calculate the remainder when z is divided by c.
20
Suppose -5*a = 5*y, 9 = -3*a - 0*a. Calculate the remainder when y is divided by 2.
1
Let d(r) = 2*r - 6. Let a be d(6). Suppose a*k - 1435 = k. What is the remainder when 2/(-4) + k/14 is divided by 12?
8
Suppose -4*i = -4*b + 64, 2*b - 28 = 5*i + 49. Let n be i/(-10)*24/9. Suppose n*f - 30 = 2*f. Calculate the remainder when f is divided by 8.
7
Suppose -111 - 527 = -11*x. What is the remainder when x is divided by 16?
10
Suppose 2*h = 6*a - 4*a - 56, h - 62 = -2*a. Let t = a + 9. Suppose 5 = y - 5. Calculate the remainder when t is divided by y.
9
Suppose -3*c - c = w - 36, 1 = c. Suppose b + b = w. Calculate the remainder when b is divided by 6.
4
Suppose -62 = -5*d + 4*s - 17, -4*d - 3*s + 36 = 0. Calculate the remainder when 29 is divided by d.
2
Suppose 2*m + p = -0*m + 12, 4*p = 0. Let i(y) be the first derivative of 3*y**2/2 + 9*y - 28. Calculate the remainder when i(m) is divided by 15.
12
Let v = 18 + -19. What is the remainder when v/(-4) - (513/(-12) - -2) is divided by 6?
5
Suppose 3*t + 21 = 6*t. Calculate the remainder when (-706)/(-26) - 40/260 is divided by t.
6
Let n(d) = 3*d - 21. Let i be n(7). Suppose 5*j - 2*u = 65, -3*u + 7 = -i*j + 2*j. Calculate the remainder when j is divided by 6.
5
Let x = -162 + 177. What is the remainder when 116 is divided by x?
11
Let b be ((-132)/16)/(-1*(-12)/(-32)). Let u = -5 + b. What is the remainder when u is divided by 10?
7
Let z = 4 - -22. Suppose 0*i = -2*i + 4, 0 = 2*g - i - z. Calculate the remainder when 26